hat are the prime factors of l(1)?
31, 283
Suppose -14*w = 2*h - 19*w - 47397, 4*w = 2*h - 47394. List the prime factors of h.
3, 53, 149
Let t(v) = 5*v**2 - 53*v + 44. Let f be t(21). Suppose 6*p = 5*s + 11*p - 1880, 3*s - p - f = 0. What are the prime factors of s?
2, 3, 7
Suppose -l = 2*y - 16936, -3*l + 8468 = -16*y + 17*y. List the prime factors of y.
2, 29, 73
Let o = -16418 - -30770. What are the prime factors of o?
2, 3, 13, 23
Let v = -9 - -2. Let k(g) = 3*g**2 + 4*g. List the prime factors of k(v).
7, 17
Suppose -44*f + 102*f - 371374 = 0. What are the prime factors of f?
19, 337
Suppose 28*c = -2*p + 26*c + 22, 2*p - 2*c - 6 = 0. List the prime factors of 42/49*p + 649.
5, 131
Suppose 0*s - 6*s = -5244. Suppose s = 2*b - 114. What are the prime factors of b?
2, 13, 19
Suppose 0 = 36*d - 277515 - 641853. What are the prime factors of d?
2, 113
Let p(a) = 6687*a + 1835. List the prime factors of p(7).
2, 12161
Suppose 77*x + 1109313 = 282*x + 37778. List the prime factors of x.
5227
Let s = -144 + 298. Suppose 0 = -4*b - l - 630, -4*b - 2*l - s = -3*b. Let a = -81 - b. List the prime factors of a.
7, 11
Suppose 0 = -35*x - 71465 + 8990. Suppose 6 + 6 = -3*v. List the prime factors of (-2)/4 + x/(-14) + v.
3, 41
Let s(o) = 444*o**3 + 6*o**2 - 13*o - 9. List the prime factors of s(2).
3541
Let t = 29957 - 12061. List the prime factors of t.
2, 2237
Let b(a) = -3*a + 17. Let x be b(4). Suppose -4*i + u = -315, 401 = x*i + 5*u + 26. What are the prime factors of i?
2, 3, 13
Let f(c) = -34*c - 8. Let v be f(2). Let p = 27 - v. What are the prime factors of p?
103
What are the prime factors of 18069/21 - 13/((-546)/(-18))?
2, 5, 43
What are the prime factors of ((-756)/(-198) - (-4)/22)/(-1) + 11837?
11833
Let v be ((-8)/10)/((-8)/20) - -2. Suppose 2*j = v*j. Suppose 4*p - p - 75 = j. What are the prime factors of p?
5
Let w = -205 + 20205. What are the prime factors of w?
2, 5
Let v be ((-8)/12)/((-2)/234). Suppose -2*n + 4*d - v = -486, -d - 207 = -n. List the prime factors of n.
2, 3, 5, 7
Suppose 0 = i - 2920 - 3862. What are the prime factors of i?
2, 3391
Suppose 4*u - 3860 = 2*g, -u = -2*u - 5*g + 965. Let s = -555 - -559. Suppose l - 64 = 2*x - 545, s*x = -l + u. List the prime factors of x.
241
Let z = 95 - 91. Suppose 4*o - 1348 = 3*t, -t = z*o - 665 - 683. What are the prime factors of o?
337
Let a = -51 - -140. Let f = -93 + a. List the prime factors of f/30 - 28402/(-165).
2, 43
Let w(j) = -j**2 + 5*j + 11. Let f be w(7). Let o(l) = -30*l - 3. Let p be o(f). Suppose -2*g = 33 - p. What are the prime factors of g?
3
Let r(q) = -q**3 - 2*q**2 + 39*q + 82. Let k be r(-2). Let u = 115 - 44. Suppose k*a = 3*a + u. What are the prime factors of a?
71
Suppose 134*d = -94*d - 116*d + 25099616. What are the prime factors of d?
2, 17, 29, 37
Suppose l + 5*v + 38 = 0, -4*l = 4*v - 3*v + 152. Let d be l/(-8) - 3 - 1/(-4). Suppose -4*p - d = -2*p, -4*u = 5*p - 431. What are the prime factors of u?
109
Let l = 67 - 10. Let t = l + -86. Let y = t + 118. What are the prime factors of y?
89
Let i(a) = 24*a + 28. Let h = -378 - -392. What are the prime factors of i(h)?
2, 7, 13
Let b(p) = 7*p + 321. Let g be b(-45). What are the prime factors of (1065/142)/(13/g + -2)?
3, 5
Let j be (0/(-3 - (-2 - 3)))/(-2). Suppose 8 = -4*s - j. What are the prime factors of (-12)/s*(-3 + -2 + 22)?
2, 3, 17
Let j be -1 + 8/6 + 85261/69. Let a = j - 830. What are the prime factors of a?
2, 7, 29
Let a(x) = 9*x + 48. Let v be a(-5). Let o(l) = 7 - l**2 - l + 9*l + 15*l**2 - 7*l. List the prime factors of o(v).
2, 17
Let h(i) = -i**2 - 11*i. Let w be h(-11). Suppose -2*r - 4*o + 3*o = -106, -4*r + 3*o + 192 = w. Let z = r + -37. What are the prime factors of z?
2, 7
Let v be (-767)/78 + (-1)/6. Let g(s) = -s - 13. Let j be g(v). Let k(z) = -z + 1. List the prime factors of k(j).
2
Suppose 17*c - 25248 = -22*c + 7941. What are the prime factors of c?
23, 37
Let m(l) = l**3 + 15*l**2 + 6*l + 30. Let a be m(-15). Let d = a + 48. Let u(y) = -y**3 - 11*y**2 - 6*y - 13. What are the prime factors of u(d)?
7, 29
Let n be (11152/205)/((-4)/(-50)). Suppose 0 = -330*u + 335*u - n. List the prime factors of u.
2, 17
Let i(q) = 5*q**2 + 5*q + 3. Let r be i(-1). Suppose 4978 = 5*o + y, -1684 - 314 = -2*o + r*y. What are the prime factors of o?
2, 3, 83
Suppose 0 = 4*k - 3*o - o - 120780, 0 = -4*k - 5*o + 120789. List the prime factors of k/34 + (-18)/153.
2, 3, 37
Let k(h) = -h**3 - 2*h + 98. Let i(c) = 7*c**3 + 5*c**2 + 2*c - 2. Let t be i(-2). Let o = 42 + t. List the prime factors of k(o).
2, 7
Let s = 37 - 34. Suppose 2*v + 14 = f - 2*v, s*v = 4*f - 69. Let m = 47 + f. List the prime factors of m.
5, 13
Let j(c) = -c**2 + 2*c + 6. Let p be j(4). Let o be (36*p/15)/(2/10). List the prime factors of (o/10)/(12/(-270)).
2, 3
What are the prime factors of 2 + (-148626)/(-18)*2?
2, 4129
Let a(p) = -p**2 - 15*p - 37. Let d be a(-3). Let i(r) = 149*r**2 + 7*r + 5. What are the prime factors of i(d)?
3, 7
Let d(x) = -x**3 - 11*x**2 + 26*x - 39. Suppose -5*a - 44 = 4*u + 18, -2*a - 30 = -u. What are the prime factors of d(a)?
5, 37
Suppose -8548 - 8770 = -14*d. Let a = d - -168. What are the prime factors of a?
5, 281
Suppose -927*s = -987*s + 429780. List the prime factors of s.
13, 19, 29
Let j = -81 - -55. Let q(u) = 4*u + 26. Let y be q(-6). List the prime factors of (j/(-4) + y)/((-1)/(-18)).
3, 17
List the prime factors of (-12161)/(-2) - (-756)/(-216).
59, 103
What are the prime factors of (25202 - (13 + -19)) + -4?
2, 6301
Let k = -169 + 153. Let f(c) = -c**3 - 13*c**2 + 21*c - 19. List the prime factors of f(k).
7, 59
Let y(t) = 36*t + 122. Let m be y(-3). Suppose -m*a + 80 = -5520. What are the prime factors of a?
2, 5
Suppose 0 = 5*q + 72 + 38. Let o = q + 23. What are the prime factors of 43 - (o + -4) - 1?
3, 5
Suppose -112*h + 107*h + 24820 = 0. Suppose 4*u - h = -4*g, -5*u + 0*u = 3*g - 3721. What are the prime factors of g?
2, 3, 23
Let m(v) be the second derivative of -v**3/2 + 19*v**2/2 - 12*v - 1. Let z be m(-13). Suppose 7*h = z + 26. What are the prime factors of h?
2, 3
Let s = 4620 - 2082. Suppose s = 9*u + 9*u. What are the prime factors of u?
3, 47
Let z(c) = 691*c**2 + 6*c + 16. Let u be z(3). Suppose -20*f + u = -10387. What are the prime factors of f?
2, 13
Let i(m) = -5*m**2 - 1. Let b(y) = 1126*y**2 + 2*y + 3. Let a(f) = b(f) + 3*i(f). What are the prime factors of a(1)?
3, 7, 53
Suppose 132 = 11*p - 0*p. Suppose 6*h = p*h - 3312. List the prime factors of h.
2, 3, 23
Let z(c) = 1514*c**2 + 362*c - 1782. List the prime factors of z(5).
2, 3, 59, 107
Suppose 5*x = -4*w + 12885, -9*w - 5*x = -8*w - 3210. What are the prime factors of w?
3, 5, 43
Suppose 17*r - 14*r = -2*i + 4578, i = 3*r + 2289. What are the prime factors of i?
3, 7, 109
Let b(p) = 7851*p**3 - 10*p**2 + 10*p + 1. List the prime factors of b(1).
2, 13, 151
Let m = -89 - -86. Let t(a) = a**2 - 3*a + 7. List the prime factors of t(m).
5
Let h = 476 + -462. List the prime factors of (124 + h + -7)/((-1)/(-5)).
5, 131
Let c = -1153 + 2296. Let x = c + -600. What are the prime factors of x?
3, 181
Let m = -2041 - -9085. Suppose 14*j - 2*j = m. List the prime factors of j.
587
Suppose -2*n = 3*h - 12, -h = -2*n - 4 - 0. Suppose 3*s + h*s = 0. Suppose 14*v - 17*v + 45 = s. List the prime factors of v.
3, 5
Suppose 0 = 9*c - 13*c - 3408. Let d = c - -1603. Suppose 0 = 4*s + j - d, 623 = 5*s + j - 317. What are the prime factors of s?
3, 7
Let o(w) = w**3 + 51*w**2 + 29*w - 132. What are the prime factors of o(-29)?
3, 5843
Let i be 22/4 + 5/(-10). Suppose -2*r + 678 = i*b - 4*r, -4 = r. What are the prime factors of b/15*5*(-18)/(-4)?
3, 67
Let c = -85 - -90. Suppose c*w + 3*g - 66 = 0, 0*w = 3*w + 4*g - 44. Suppose w*i + 118 = 826. List the prime factors of i.
59
Let c(n) = 5*n - 23. Let b be c(-8). Let h = 14 + b. What are the prime factors of (-1)/(-2 + (-97)/h)?
7
Let s = 789 + -42. Suppose -5*p - 227 = -h, 5*h + 2*p - s = 280. List the prime factors of h.
3, 23
Let d = 42 + -42. Let u(i) = -i + 42. Let r be u(d). What are the prime factors of (r/4)/((-9)/(-12))?
2, 7
Let g = 13531 - 949. What are the prime factors of g?
2, 3, 233
Let d(z) = -z + 1. Let n(s) = 15*s + 15. Let r(i) = -2*d(